{"id":1873,"date":"2020-01-26T22:16:06","date_gmt":"2020-01-27T00:16:06","guid":{"rendered":"http:\/\/poucabagagem.com.br\/teste\/?page_id=1873"},"modified":"2020-02-22T11:46:00","modified_gmt":"2020-02-22T14:46:00","slug":"foz-do-iguacu","status":"publish","type":"page","link":"https:\/\/poucabagagem.com.br\/index.php\/home\/bagagens\/cachoeiras-2\/foz-do-iguacu\/","title":{"rendered":"Foz do Igua\u00e7u"},"content":{"rendered":"\t\t<div data-elementor-type=\"wp-page\" data-elementor-id=\"1873\" class=\"elementor elementor-1873\">\n\t\t\t\t\t\t<section class=\"elementor-section elementor-top-section elementor-element elementor-element-9f11859 elementor-section-boxed elementor-section-height-default elementor-section-height-default\" data-id=\"9f11859\" data-element_type=\"section\" data-e-type=\"section\">\n\t\t\t\t\t\t<div class=\"elementor-container elementor-column-gap-default\">\n\t\t\t\t\t<div class=\"elementor-column elementor-col-50 elementor-top-column elementor-element elementor-element-9c21bae\" data-id=\"9c21bae\" data-element_type=\"column\" data-e-type=\"column\" data-settings=\"{&quot;background_background&quot;:&quot;classic&quot;}\">\n\t\t\t<div class=\"elementor-widget-wrap elementor-element-populated\">\n\t\t\t\t\t\t<div class=\"elementor-element elementor-element-17afa0b elementor-widget elementor-widget-heading\" data-id=\"17afa0b\" data-element_type=\"widget\" data-e-type=\"widget\" data-widget_type=\"heading.default\">\n\t\t\t\t<div class=\"elementor-widget-container\">\n\t\t\t\t\t<h2 class=\"elementor-heading-title elementor-size-default\">Foz do Igua\u00e7u<\/h2>\t\t\t\t<\/div>\n\t\t\t\t<\/div>\n\t\t\t\t\t<\/div>\n\t\t<\/div>\n\t\t\t\t<div class=\"elementor-column elementor-col-50 elementor-top-column elementor-element elementor-element-44c0bd4\" data-id=\"44c0bd4\" data-element_type=\"column\" data-e-type=\"column\" data-settings=\"{&quot;background_background&quot;:&quot;classic&quot;}\">\n\t\t\t<div class=\"elementor-widget-wrap elementor-element-populated\">\n\t\t\t\t\t\t<div class=\"elementor-element elementor-element-9560762 elementor-widget elementor-widget-button\" data-id=\"9560762\" data-element_type=\"widget\" data-e-type=\"widget\" data-widget_type=\"button.default\">\n\t\t\t\t<div class=\"elementor-widget-container\">\n\t\t\t\t\t\t\t\t\t<div class=\"elementor-button-wrapper\">\n\t\t\t\t\t<a class=\"elementor-button elementor-button-link elementor-size-sm\" href=\"http:\/\/poucabagagem.com.br\/index.php\/home\/bagagens\/cachoeiras-2\/\">\n\t\t\t\t\t\t<span class=\"elementor-button-content-wrapper\">\n\t\t\t\t\t\t\t\t\t<span class=\"elementor-button-text\">Cachoeiras<\/span>\n\t\t\t\t\t<\/span>\n\t\t\t\t\t<\/a>\n\t\t\t\t<\/div>\n\t\t\t\t\t\t\t\t<\/div>\n\t\t\t\t<\/div>\n\t\t\t\t\t<\/div>\n\t\t<\/div>\n\t\t\t\t\t<\/div>\n\t\t<\/section>\n\t\t\t\t<section class=\"elementor-section elementor-top-section elementor-element elementor-element-e84f149 elementor-section-boxed elementor-section-height-default elementor-section-height-default\" data-id=\"e84f149\" data-element_type=\"section\" data-e-type=\"section\">\n\t\t\t\t\t\t<div class=\"elementor-container elementor-column-gap-default\">\n\t\t\t\t\t<div class=\"elementor-column elementor-col-100 elementor-top-column elementor-element elementor-element-c55fded\" data-id=\"c55fded\" data-element_type=\"column\" data-e-type=\"column\">\n\t\t\t<div class=\"elementor-widget-wrap elementor-element-populated\">\n\t\t\t\t\t\t<div class=\"elementor-element elementor-element-276346f elementor-widget elementor-widget-text-editor\" data-id=\"276346f\" data-element_type=\"widget\" data-e-type=\"widget\" data-widget_type=\"text-editor.default\">\n\t\t\t\t<div class=\"elementor-widget-container\">\n\t\t\t\t\t\t\t\t\t<h5>Fui algumas vezes para Foz do Igua\u00e7u, mas ainda jovem, antes de pensar em fotografar a cachoeira com tanta vontade, digamos que eu me satisfazia com as imagens na mem\u00f3ria, e confesso ainda est\u00e3o guardadas, mas o lugar merece no m\u00ednimo uma men\u00e7\u00e3o com as poucas fotos que ainda tenho, sem d\u00favida o volume de \u00e1gua das diversas quedas \u00e9 alucinante, eu jamais vi nada parecido, e acredito que n\u00e3o h\u00e1 em lugar nenhum do mundo.<br \/>\u00a0<br \/>Mas n\u00e3o s\u00f3 as quedas agradam, o parque pr\u00f3ximo a foz se mant\u00e9m razoavelmente conservado, com alguns animais interessantes soltos, lembro de ter sido aqui que vi uma arara azul pela primeira vez.<br \/>\u00a0<br \/>Gosto de pensar que essa exuber\u00e2ncia de \u00e1guas est\u00e1 localizada em parte no Brasil, mas jamais cogitei que esse lugar possa ser definido como pertencente a algu\u00e9m ou a alguma na\u00e7\u00e3o, pertence a algo maior que isso, nos cabe como brasileiros a responsabilidade de preserv\u00e1-la.<\/h5>\t\t\t\t\t\t\t\t<\/div>\n\t\t\t\t<\/div>\n\t\t\t\t\t<\/div>\n\t\t<\/div>\n\t\t\t\t\t<\/div>\n\t\t<\/section>\n\t\t\t\t<section class=\"elementor-section elementor-top-section elementor-element elementor-element-c4f2377 elementor-section-boxed elementor-section-height-default elementor-section-height-default\" data-id=\"c4f2377\" data-element_type=\"section\" data-e-type=\"section\">\n\t\t\t\t\t\t<div class=\"elementor-container elementor-column-gap-default\">\n\t\t\t\t\t<div class=\"elementor-column elementor-col-100 elementor-top-column elementor-element elementor-element-4de7343\" data-id=\"4de7343\" data-element_type=\"column\" data-e-type=\"column\">\n\t\t\t<div class=\"elementor-widget-wrap elementor-element-populated\">\n\t\t\t\t\t\t<div class=\"elementor-element elementor-element-76a5387 elementor-widget elementor-widget-text-editor\" data-id=\"76a5387\" data-element_type=\"widget\" data-e-type=\"widget\" data-widget_type=\"text-editor.default\">\n\t\t\t\t<div class=\"elementor-widget-container\">\n\t\t\t\t\t\t\t\t\t<p><!-- default-view.php -->\n<div\n\tclass=\"ngg-galleryoverview default-view\n\t\t\"\n\tid=\"ngg-gallery-1671910236fff095025e750b9cd30d43-1\">\n\n\t\t<!-- Thumbnails -->\n\t\t\t\t<div id=\"ngg-image-0\" class=\"ngg-gallery-thumbnail-box\n\t\t\t\t\t\t\t\t\t\t\t\"\n\t\t\t>\n\t\t\t\t\t\t<div class=\"ngg-gallery-thumbnail\">\n\t\t\t<a href=\"https:\/\/poucabagagem.com.br\/wp-content\/gallery\/foz_iguacu\/Cataratas-2.jpeg\"\n\t\t\t\ttitle=\"\"\n\t\t\t\tdata-src=\"https:\/\/poucabagagem.com.br\/wp-content\/gallery\/foz_iguacu\/Cataratas-2.jpeg\"\n\t\t\t\tdata-thumbnail=\"https:\/\/poucabagagem.com.br\/wp-content\/gallery\/foz_iguacu\/thumbs\/thumbs_Cataratas-2.jpeg\"\n\t\t\t\tdata-image-id=\"633\"\n\t\t\t\tdata-title=\"Cataratas-2\"\n\t\t\t\tdata-description=\"\"\n\t\t\t\tdata-image-slug=\"cataratas-2\"\n\t\t\t\tclass=\"shutterset_1671910236fff095025e750b9cd30d43\">\n\t\t\t\t<img\n\t\t\t\t\ttitle=\"Cataratas-2\"\n\t\t\t\t\talt=\"Cataratas-2\"\n\t\t\t\t\tsrc=\"https:\/\/poucabagagem.com.br\/wp-content\/gallery\/foz_iguacu\/thumbs\/thumbs_Cataratas-2.jpeg\"\n\t\t\t\t\twidth=\"240\"\n\t\t\t\t\theight=\"160\"\n\t\t\t\t\tstyle=\"max-width:100%;\"\n\t\t\t\t\/>\n\t\t\t<\/a>\n\t\t<\/div>\n\t\t\t\t\t\t\t<\/div>\n\t\t\t\n\t\t\t\t<div id=\"ngg-image-1\" class=\"ngg-gallery-thumbnail-box\n\t\t\t\t\t\t\t\t\t\t\t\"\n\t\t\t>\n\t\t\t\t\t\t<div class=\"ngg-gallery-thumbnail\">\n\t\t\t<a href=\"https:\/\/poucabagagem.com.br\/wp-content\/gallery\/foz_iguacu\/Cataratas-Geral-2.jpeg\"\n\t\t\t\ttitle=\"\"\n\t\t\t\tdata-src=\"https:\/\/poucabagagem.com.br\/wp-content\/gallery\/foz_iguacu\/Cataratas-Geral-2.jpeg\"\n\t\t\t\tdata-thumbnail=\"https:\/\/poucabagagem.com.br\/wp-content\/gallery\/foz_iguacu\/thumbs\/thumbs_Cataratas-Geral-2.jpeg\"\n\t\t\t\tdata-image-id=\"634\"\n\t\t\t\tdata-title=\"Cataratas-Geral-2\"\n\t\t\t\tdata-description=\"\"\n\t\t\t\tdata-image-slug=\"cataratas-geral-2\"\n\t\t\t\tclass=\"shutterset_1671910236fff095025e750b9cd30d43\">\n\t\t\t\t<img\n\t\t\t\t\ttitle=\"Cataratas-Geral-2\"\n\t\t\t\t\talt=\"Cataratas-Geral-2\"\n\t\t\t\t\tsrc=\"https:\/\/poucabagagem.com.br\/wp-content\/gallery\/foz_iguacu\/thumbs\/thumbs_Cataratas-Geral-2.jpeg\"\n\t\t\t\t\twidth=\"240\"\n\t\t\t\t\theight=\"160\"\n\t\t\t\t\tstyle=\"max-width:100%;\"\n\t\t\t\t\/>\n\t\t\t<\/a>\n\t\t<\/div>\n\t\t\t\t\t\t\t<\/div>\n\t\t\t\n\t\t\t\t<div id=\"ngg-image-2\" class=\"ngg-gallery-thumbnail-box\n\t\t\t\t\t\t\t\t\t\t\t\"\n\t\t\t>\n\t\t\t\t\t\t<div class=\"ngg-gallery-thumbnail\">\n\t\t\t<a href=\"https:\/\/poucabagagem.com.br\/wp-content\/gallery\/foz_iguacu\/Cataratas-Geral.jpeg\"\n\t\t\t\ttitle=\"\"\n\t\t\t\tdata-src=\"https:\/\/poucabagagem.com.br\/wp-content\/gallery\/foz_iguacu\/Cataratas-Geral.jpeg\"\n\t\t\t\tdata-thumbnail=\"https:\/\/poucabagagem.com.br\/wp-content\/gallery\/foz_iguacu\/thumbs\/thumbs_Cataratas-Geral.jpeg\"\n\t\t\t\tdata-image-id=\"635\"\n\t\t\t\tdata-title=\"Cataratas-Geral\"\n\t\t\t\tdata-description=\"\"\n\t\t\t\tdata-image-slug=\"cataratas-geral-3\"\n\t\t\t\tclass=\"shutterset_1671910236fff095025e750b9cd30d43\">\n\t\t\t\t<img\n\t\t\t\t\ttitle=\"Cataratas-Geral\"\n\t\t\t\t\talt=\"Cataratas-Geral\"\n\t\t\t\t\tsrc=\"https:\/\/poucabagagem.com.br\/wp-content\/gallery\/foz_iguacu\/thumbs\/thumbs_Cataratas-Geral.jpeg\"\n\t\t\t\t\twidth=\"240\"\n\t\t\t\t\theight=\"160\"\n\t\t\t\t\tstyle=\"max-width:100%;\"\n\t\t\t\t\/>\n\t\t\t<\/a>\n\t\t<\/div>\n\t\t\t\t\t\t\t<\/div>\n\t\t\t\n\t\t\t\t<div id=\"ngg-image-3\" class=\"ngg-gallery-thumbnail-box\n\t\t\t\t\t\t\t\t\t\t\t\"\n\t\t\t>\n\t\t\t\t\t\t<div class=\"ngg-gallery-thumbnail\">\n\t\t\t<a href=\"https:\/\/poucabagagem.com.br\/wp-content\/gallery\/foz_iguacu\/Cataratas.jpeg\"\n\t\t\t\ttitle=\"\"\n\t\t\t\tdata-src=\"https:\/\/poucabagagem.com.br\/wp-content\/gallery\/foz_iguacu\/Cataratas.jpeg\"\n\t\t\t\tdata-thumbnail=\"https:\/\/poucabagagem.com.br\/wp-content\/gallery\/foz_iguacu\/thumbs\/thumbs_Cataratas.jpeg\"\n\t\t\t\tdata-image-id=\"636\"\n\t\t\t\tdata-title=\"Cataratas\"\n\t\t\t\tdata-description=\"\"\n\t\t\t\tdata-image-slug=\"cataratas-3\"\n\t\t\t\tclass=\"shutterset_1671910236fff095025e750b9cd30d43\">\n\t\t\t\t<img\n\t\t\t\t\ttitle=\"Cataratas\"\n\t\t\t\t\talt=\"Cataratas\"\n\t\t\t\t\tsrc=\"https:\/\/poucabagagem.com.br\/wp-content\/gallery\/foz_iguacu\/thumbs\/thumbs_Cataratas.jpeg\"\n\t\t\t\t\twidth=\"240\"\n\t\t\t\t\theight=\"160\"\n\t\t\t\t\tstyle=\"max-width:100%;\"\n\t\t\t\t\/>\n\t\t\t<\/a>\n\t\t<\/div>\n\t\t\t\t\t\t\t<\/div>\n\t\t\t\n\t\n\t<br style=\"clear: both\" \/>\n\n\t\n\t\t<!-- Pagination -->\n\t\t<div class='ngg-clear'><\/div>\t<\/div>\n<\/p>\t\t\t\t\t\t\t\t<\/div>\n\t\t\t\t<\/div>\n\t\t\t\t\t<\/div>\n\t\t<\/div>\n\t\t\t\t\t<\/div>\n\t\t<\/section>\n\t\t\t\t<\/div>\n\t\t","protected":false},"excerpt":{"rendered":"<p>Foz do Igua\u00e7u Cachoeiras Fui algumas vezes para Foz do Igua\u00e7u, mas ainda jovem, antes de pensar em fotografar a cachoeira com tanta vontade, digamos que eu me satisfazia com as imagens na mem\u00f3ria, e confesso ainda est\u00e3o guardadas, mas o lugar merece no m\u00ednimo uma men\u00e7\u00e3o com as poucas fotos que ainda tenho, sem [&hellip;]<\/p>\n","protected":false},"author":1,"featured_media":1689,"parent":1673,"menu_order":0,"comment_status":"closed","ping_status":"closed","template":"elementor_header_footer","meta":{"ngg_post_thumbnail":0,"footnotes":""},"categories":[35],"tags":[],"class_list":["post-1873","page","type-page","status-publish","has-post-thumbnail","hentry","category-cachoeiras"],"yoast_head":"<!-- This site is optimized with the Yoast SEO plugin v27.1.1 - https:\/\/yoast.com\/product\/yoast-seo-wordpress\/ -->\n<title>Foz do Igua\u00e7u - Poucabagagem<\/title>\n<meta name=\"robots\" content=\"index, follow, max-snippet:-1, max-image-preview:large, max-video-preview:-1\" \/>\n<link rel=\"canonical\" href=\"https:\/\/poucabagagem.com.br\/index.php\/home\/bagagens\/cachoeiras-2\/foz-do-iguacu\/\" \/>\n<meta property=\"og:locale\" content=\"pt_BR\" \/>\n<meta property=\"og:type\" content=\"article\" \/>\n<meta property=\"og:title\" content=\"Foz do Igua\u00e7u - Poucabagagem\" \/>\n<meta property=\"og:description\" content=\"Foz do Igua\u00e7u Cachoeiras Fui algumas vezes para Foz do Igua\u00e7u, mas ainda jovem, antes de pensar em fotografar a cachoeira com tanta vontade, digamos que eu me satisfazia com as imagens na mem\u00f3ria, e confesso ainda est\u00e3o guardadas, mas o lugar merece no m\u00ednimo uma men\u00e7\u00e3o com as poucas fotos que ainda tenho, sem [&hellip;]\" \/>\n<meta property=\"og:url\" content=\"https:\/\/poucabagagem.com.br\/index.php\/home\/bagagens\/cachoeiras-2\/foz-do-iguacu\/\" \/>\n<meta property=\"og:site_name\" content=\"Poucabagagem\" \/>\n<meta property=\"article:modified_time\" content=\"2020-02-22T14:46:00+00:00\" \/>\n<meta property=\"og:image\" content=\"https:\/\/poucabagagem.com.br\/wp-content\/uploads\/2020\/01\/Foz-do-Igucu-thumb.jpg\" \/>\n\t<meta property=\"og:image:width\" content=\"180\" \/>\n\t<meta property=\"og:image:height\" content=\"180\" \/>\n\t<meta property=\"og:image:type\" content=\"image\/jpeg\" \/>\n<meta name=\"twitter:card\" content=\"summary_large_image\" \/>\n<meta name=\"twitter:label1\" content=\"Est. tempo de leitura\" \/>\n\t<meta name=\"twitter:data1\" content=\"1 minuto\" \/>\n<script type=\"application\/ld+json\" class=\"yoast-schema-graph\">{\"@context\":\"https:\/\/schema.org\",\"@graph\":[{\"@type\":\"WebPage\",\"@id\":\"https:\/\/poucabagagem.com.br\/index.php\/home\/bagagens\/cachoeiras-2\/foz-do-iguacu\/\",\"url\":\"https:\/\/poucabagagem.com.br\/index.php\/home\/bagagens\/cachoeiras-2\/foz-do-iguacu\/\",\"name\":\"Foz do Igua\u00e7u - Poucabagagem\",\"isPartOf\":{\"@id\":\"https:\/\/poucabagagem.com.br\/#website\"},\"primaryImageOfPage\":{\"@id\":\"https:\/\/poucabagagem.com.br\/index.php\/home\/bagagens\/cachoeiras-2\/foz-do-iguacu\/#primaryimage\"},\"image\":{\"@id\":\"https:\/\/poucabagagem.com.br\/index.php\/home\/bagagens\/cachoeiras-2\/foz-do-iguacu\/#primaryimage\"},\"thumbnailUrl\":\"https:\/\/poucabagagem.com.br\/wp-content\/uploads\/2020\/01\/Foz-do-Igucu-thumb.jpg\",\"datePublished\":\"2020-01-27T00:16:06+00:00\",\"dateModified\":\"2020-02-22T14:46:00+00:00\",\"breadcrumb\":{\"@id\":\"https:\/\/poucabagagem.com.br\/index.php\/home\/bagagens\/cachoeiras-2\/foz-do-iguacu\/#breadcrumb\"},\"inLanguage\":\"pt-BR\",\"potentialAction\":[{\"@type\":\"ReadAction\",\"target\":[\"https:\/\/poucabagagem.com.br\/index.php\/home\/bagagens\/cachoeiras-2\/foz-do-iguacu\/\"]}]},{\"@type\":\"ImageObject\",\"inLanguage\":\"pt-BR\",\"@id\":\"https:\/\/poucabagagem.com.br\/index.php\/home\/bagagens\/cachoeiras-2\/foz-do-iguacu\/#primaryimage\",\"url\":\"https:\/\/poucabagagem.com.br\/wp-content\/uploads\/2020\/01\/Foz-do-Igucu-thumb.jpg\",\"contentUrl\":\"https:\/\/poucabagagem.com.br\/wp-content\/uploads\/2020\/01\/Foz-do-Igucu-thumb.jpg\",\"width\":180,\"height\":180,\"caption\":\"Foz do Igua\u00e7u\"},{\"@type\":\"BreadcrumbList\",\"@id\":\"https:\/\/poucabagagem.com.br\/index.php\/home\/bagagens\/cachoeiras-2\/foz-do-iguacu\/#breadcrumb\",\"itemListElement\":[{\"@type\":\"ListItem\",\"position\":1,\"name\":\"In\u00edcio\",\"item\":\"https:\/\/poucabagagem.com.br\/\"},{\"@type\":\"ListItem\",\"position\":2,\"name\":\"Home\",\"item\":\"https:\/\/poucabagagem.com.br\/\"},{\"@type\":\"ListItem\",\"position\":3,\"name\":\"Bagagens\",\"item\":\"https:\/\/poucabagagem.com.br\/index.php\/home\/bagagens\/\"},{\"@type\":\"ListItem\",\"position\":4,\"name\":\"Cachoeiras\",\"item\":\"https:\/\/poucabagagem.com.br\/index.php\/home\/bagagens\/cachoeiras-2\/\"},{\"@type\":\"ListItem\",\"position\":5,\"name\":\"Foz do Igua\u00e7u\"}]},{\"@type\":\"WebSite\",\"@id\":\"https:\/\/poucabagagem.com.br\/#website\",\"url\":\"https:\/\/poucabagagem.com.br\/\",\"name\":\"Poucabagagem\",\"description\":\"Fotos, videos, reflex\u00f5es e hist\u00f3rias de um andarilho. Sou Omar Cassado, viajo desde os 13 anos e comecei a fotografar realmente por volta dos 18 anos. Hoje compartilhar as fotos e contar minhas hist\u00f3rias se tornou algo muito prazeiroso, esse site fiz pra todos, sejam bem vindos.\",\"publisher\":{\"@id\":\"https:\/\/poucabagagem.com.br\/#\/schema\/person\/6ae6c570312b7f5dadab231c4f5417e3\"},\"potentialAction\":[{\"@type\":\"SearchAction\",\"target\":{\"@type\":\"EntryPoint\",\"urlTemplate\":\"https:\/\/poucabagagem.com.br\/?s={search_term_string}\"},\"query-input\":{\"@type\":\"PropertyValueSpecification\",\"valueRequired\":true,\"valueName\":\"search_term_string\"}}],\"inLanguage\":\"pt-BR\"},{\"@type\":[\"Person\",\"Organization\"],\"@id\":\"https:\/\/poucabagagem.com.br\/#\/schema\/person\/6ae6c570312b7f5dadab231c4f5417e3\",\"name\":\"Omar Cassado\",\"image\":{\"@type\":\"ImageObject\",\"inLanguage\":\"pt-BR\",\"@id\":\"https:\/\/poucabagagem.com.br\/#\/schema\/person\/image\/\",\"url\":\"https:\/\/poucabagagem.com.br\/wp-content\/uploads\/2023\/05\/FAVICON.jpg\",\"contentUrl\":\"https:\/\/poucabagagem.com.br\/wp-content\/uploads\/2023\/05\/FAVICON.jpg\",\"width\":729,\"height\":729,\"caption\":\"Omar Cassado\"},\"logo\":{\"@id\":\"https:\/\/poucabagagem.com.br\/#\/schema\/person\/image\/\"},\"sameAs\":[\"http:\/\/www.poucabagagem.com.br\",\"https:\/\/www.instagram.com\/omar.cassado\/\",\"https:\/\/www.linkedin.com\/in\/omarcassado\/\"]}]}<\/script>\n<!-- \/ Yoast SEO plugin. -->","yoast_head_json":{"title":"Foz do Igua\u00e7u - Poucabagagem","robots":{"index":"index","follow":"follow","max-snippet":"max-snippet:-1","max-image-preview":"max-image-preview:large","max-video-preview":"max-video-preview:-1"},"canonical":"https:\/\/poucabagagem.com.br\/index.php\/home\/bagagens\/cachoeiras-2\/foz-do-iguacu\/","og_locale":"pt_BR","og_type":"article","og_title":"Foz do Igua\u00e7u - Poucabagagem","og_description":"Foz do Igua\u00e7u Cachoeiras Fui algumas vezes para Foz do Igua\u00e7u, mas ainda jovem, antes de pensar em fotografar a cachoeira com tanta vontade, digamos que eu me satisfazia com as imagens na mem\u00f3ria, e confesso ainda est\u00e3o guardadas, mas o lugar merece no m\u00ednimo uma men\u00e7\u00e3o com as poucas fotos que ainda tenho, sem [&hellip;]","og_url":"https:\/\/poucabagagem.com.br\/index.php\/home\/bagagens\/cachoeiras-2\/foz-do-iguacu\/","og_site_name":"Poucabagagem","article_modified_time":"2020-02-22T14:46:00+00:00","og_image":[{"width":180,"height":180,"url":"https:\/\/poucabagagem.com.br\/wp-content\/uploads\/2020\/01\/Foz-do-Igucu-thumb.jpg","type":"image\/jpeg"}],"twitter_card":"summary_large_image","twitter_misc":{"Est. tempo de leitura":"1 minuto"},"schema":{"@context":"https:\/\/schema.org","@graph":[{"@type":"WebPage","@id":"https:\/\/poucabagagem.com.br\/index.php\/home\/bagagens\/cachoeiras-2\/foz-do-iguacu\/","url":"https:\/\/poucabagagem.com.br\/index.php\/home\/bagagens\/cachoeiras-2\/foz-do-iguacu\/","name":"Foz do Igua\u00e7u - Poucabagagem","isPartOf":{"@id":"https:\/\/poucabagagem.com.br\/#website"},"primaryImageOfPage":{"@id":"https:\/\/poucabagagem.com.br\/index.php\/home\/bagagens\/cachoeiras-2\/foz-do-iguacu\/#primaryimage"},"image":{"@id":"https:\/\/poucabagagem.com.br\/index.php\/home\/bagagens\/cachoeiras-2\/foz-do-iguacu\/#primaryimage"},"thumbnailUrl":"https:\/\/poucabagagem.com.br\/wp-content\/uploads\/2020\/01\/Foz-do-Igucu-thumb.jpg","datePublished":"2020-01-27T00:16:06+00:00","dateModified":"2020-02-22T14:46:00+00:00","breadcrumb":{"@id":"https:\/\/poucabagagem.com.br\/index.php\/home\/bagagens\/cachoeiras-2\/foz-do-iguacu\/#breadcrumb"},"inLanguage":"pt-BR","potentialAction":[{"@type":"ReadAction","target":["https:\/\/poucabagagem.com.br\/index.php\/home\/bagagens\/cachoeiras-2\/foz-do-iguacu\/"]}]},{"@type":"ImageObject","inLanguage":"pt-BR","@id":"https:\/\/poucabagagem.com.br\/index.php\/home\/bagagens\/cachoeiras-2\/foz-do-iguacu\/#primaryimage","url":"https:\/\/poucabagagem.com.br\/wp-content\/uploads\/2020\/01\/Foz-do-Igucu-thumb.jpg","contentUrl":"https:\/\/poucabagagem.com.br\/wp-content\/uploads\/2020\/01\/Foz-do-Igucu-thumb.jpg","width":180,"height":180,"caption":"Foz do Igua\u00e7u"},{"@type":"BreadcrumbList","@id":"https:\/\/poucabagagem.com.br\/index.php\/home\/bagagens\/cachoeiras-2\/foz-do-iguacu\/#breadcrumb","itemListElement":[{"@type":"ListItem","position":1,"name":"In\u00edcio","item":"https:\/\/poucabagagem.com.br\/"},{"@type":"ListItem","position":2,"name":"Home","item":"https:\/\/poucabagagem.com.br\/"},{"@type":"ListItem","position":3,"name":"Bagagens","item":"https:\/\/poucabagagem.com.br\/index.php\/home\/bagagens\/"},{"@type":"ListItem","position":4,"name":"Cachoeiras","item":"https:\/\/poucabagagem.com.br\/index.php\/home\/bagagens\/cachoeiras-2\/"},{"@type":"ListItem","position":5,"name":"Foz do Igua\u00e7u"}]},{"@type":"WebSite","@id":"https:\/\/poucabagagem.com.br\/#website","url":"https:\/\/poucabagagem.com.br\/","name":"Poucabagagem","description":"Fotos, videos, reflex\u00f5es e hist\u00f3rias de um andarilho. Sou Omar Cassado, viajo desde os 13 anos e comecei a fotografar realmente por volta dos 18 anos. Hoje compartilhar as fotos e contar minhas hist\u00f3rias se tornou algo muito prazeiroso, esse site fiz pra todos, sejam bem vindos.","publisher":{"@id":"https:\/\/poucabagagem.com.br\/#\/schema\/person\/6ae6c570312b7f5dadab231c4f5417e3"},"potentialAction":[{"@type":"SearchAction","target":{"@type":"EntryPoint","urlTemplate":"https:\/\/poucabagagem.com.br\/?s={search_term_string}"},"query-input":{"@type":"PropertyValueSpecification","valueRequired":true,"valueName":"search_term_string"}}],"inLanguage":"pt-BR"},{"@type":["Person","Organization"],"@id":"https:\/\/poucabagagem.com.br\/#\/schema\/person\/6ae6c570312b7f5dadab231c4f5417e3","name":"Omar Cassado","image":{"@type":"ImageObject","inLanguage":"pt-BR","@id":"https:\/\/poucabagagem.com.br\/#\/schema\/person\/image\/","url":"https:\/\/poucabagagem.com.br\/wp-content\/uploads\/2023\/05\/FAVICON.jpg","contentUrl":"https:\/\/poucabagagem.com.br\/wp-content\/uploads\/2023\/05\/FAVICON.jpg","width":729,"height":729,"caption":"Omar Cassado"},"logo":{"@id":"https:\/\/poucabagagem.com.br\/#\/schema\/person\/image\/"},"sameAs":["http:\/\/www.poucabagagem.com.br","https:\/\/www.instagram.com\/omar.cassado\/","https:\/\/www.linkedin.com\/in\/omarcassado\/"]}]}},"_links":{"self":[{"href":"https:\/\/poucabagagem.com.br\/index.php\/wp-json\/wp\/v2\/pages\/1873","targetHints":{"allow":["GET"]}}],"collection":[{"href":"https:\/\/poucabagagem.com.br\/index.php\/wp-json\/wp\/v2\/pages"}],"about":[{"href":"https:\/\/poucabagagem.com.br\/index.php\/wp-json\/wp\/v2\/types\/page"}],"author":[{"embeddable":true,"href":"https:\/\/poucabagagem.com.br\/index.php\/wp-json\/wp\/v2\/users\/1"}],"replies":[{"embeddable":true,"href":"https:\/\/poucabagagem.com.br\/index.php\/wp-json\/wp\/v2\/comments?post=1873"}],"version-history":[{"count":1,"href":"https:\/\/poucabagagem.com.br\/index.php\/wp-json\/wp\/v2\/pages\/1873\/revisions"}],"predecessor-version":[{"id":3110,"href":"https:\/\/poucabagagem.com.br\/index.php\/wp-json\/wp\/v2\/pages\/1873\/revisions\/3110"}],"up":[{"embeddable":true,"href":"https:\/\/poucabagagem.com.br\/index.php\/wp-json\/wp\/v2\/pages\/1673"}],"wp:featuredmedia":[{"embeddable":true,"href":"https:\/\/poucabagagem.com.br\/index.php\/wp-json\/wp\/v2\/media\/1689"}],"wp:attachment":[{"href":"https:\/\/poucabagagem.com.br\/index.php\/wp-json\/wp\/v2\/media?parent=1873"}],"wp:term":[{"taxonomy":"category","embeddable":true,"href":"https:\/\/poucabagagem.com.br\/index.php\/wp-json\/wp\/v2\/categories?post=1873"},{"taxonomy":"post_tag","embeddable":true,"href":"https:\/\/poucabagagem.com.br\/index.php\/wp-json\/wp\/v2\/tags?post=1873"}],"curies":[{"name":"wp","href":"https:\/\/api.w.org\/{rel}","templated":true}]}}