{"id":5577,"date":"2020-04-20T12:19:23","date_gmt":"2020-04-20T15:19:23","guid":{"rendered":"https:\/\/poucabagagem.com.br\/?page_id=5577"},"modified":"2020-04-20T12:22:21","modified_gmt":"2020-04-20T15:22:21","slug":"cambirela","status":"publish","type":"page","link":"https:\/\/poucabagagem.com.br\/index.php\/home\/bagagens\/montanhas-2\/cambirela\/","title":{"rendered":"Cambirela"},"content":{"rendered":"\t\t<div data-elementor-type=\"wp-page\" data-elementor-id=\"5577\" class=\"elementor elementor-5577\">\n\t\t\t\t\t\t<section class=\"elementor-section elementor-top-section elementor-element elementor-element-17a3cd9b elementor-section-boxed elementor-section-height-default elementor-section-height-default\" data-id=\"17a3cd9b\" data-element_type=\"section\" data-e-type=\"section\">\n\t\t\t\t\t\t<div class=\"elementor-container elementor-column-gap-default\">\n\t\t\t\t\t<div class=\"elementor-column elementor-col-50 elementor-top-column elementor-element elementor-element-3aa213f7\" data-id=\"3aa213f7\" data-element_type=\"column\" data-e-type=\"column\" data-settings=\"{&quot;background_background&quot;:&quot;classic&quot;}\">\n\t\t\t<div class=\"elementor-widget-wrap elementor-element-populated\">\n\t\t\t\t\t\t<div class=\"elementor-element elementor-element-10699edf elementor-widget elementor-widget-heading\" data-id=\"10699edf\" data-element_type=\"widget\" data-e-type=\"widget\" data-widget_type=\"heading.default\">\n\t\t\t\t<div class=\"elementor-widget-container\">\n\t\t\t\t\t<h2 class=\"elementor-heading-title elementor-size-default\">Morro do Cambirela em Santa Catarina<\/h2>\t\t\t\t<\/div>\n\t\t\t\t<\/div>\n\t\t\t\t\t<\/div>\n\t\t<\/div>\n\t\t\t\t<div class=\"elementor-column elementor-col-50 elementor-top-column elementor-element elementor-element-213e75da\" data-id=\"213e75da\" data-element_type=\"column\" data-e-type=\"column\" data-settings=\"{&quot;background_background&quot;:&quot;classic&quot;}\">\n\t\t\t<div class=\"elementor-widget-wrap elementor-element-populated\">\n\t\t\t\t\t\t<div class=\"elementor-element elementor-element-47439b03 elementor-widget elementor-widget-button\" data-id=\"47439b03\" data-element_type=\"widget\" data-e-type=\"widget\" data-widget_type=\"button.default\">\n\t\t\t\t<div class=\"elementor-widget-container\">\n\t\t\t\t\t\t\t\t\t<div class=\"elementor-button-wrapper\">\n\t\t\t\t\t<a class=\"elementor-button elementor-button-link elementor-size-sm\" href=\"https:\/\/poucabagagem.com.br\/index.php\/home\/bagagens\/montanhas-2\/\">\n\t\t\t\t\t\t<span class=\"elementor-button-content-wrapper\">\n\t\t\t\t\t\t\t\t\t<span class=\"elementor-button-text\">Trilhas<\/span>\n\t\t\t\t\t<\/span>\n\t\t\t\t\t<\/a>\n\t\t\t\t<\/div>\n\t\t\t\t\t\t\t\t<\/div>\n\t\t\t\t<\/div>\n\t\t\t\t\t<\/div>\n\t\t<\/div>\n\t\t\t\t\t<\/div>\n\t\t<\/section>\n\t\t\t\t<section class=\"elementor-section elementor-top-section elementor-element elementor-element-2f247b2c elementor-section-boxed elementor-section-height-default elementor-section-height-default\" data-id=\"2f247b2c\" data-element_type=\"section\" data-e-type=\"section\">\n\t\t\t\t\t\t<div class=\"elementor-container elementor-column-gap-default\">\n\t\t\t\t\t<div class=\"elementor-column elementor-col-100 elementor-top-column elementor-element elementor-element-6b753b6d\" data-id=\"6b753b6d\" data-element_type=\"column\" data-e-type=\"column\">\n\t\t\t<div class=\"elementor-widget-wrap elementor-element-populated\">\n\t\t\t\t\t\t<div class=\"elementor-element elementor-element-565e2af7 elementor-widget elementor-widget-text-editor\" data-id=\"565e2af7\" data-element_type=\"widget\" data-e-type=\"widget\" data-widget_type=\"text-editor.default\">\n\t\t\t\t<div class=\"elementor-widget-container\">\n\t\t\t\t\t\t\t\t\t<h5>O Cambirela n\u00e3o \u00e9 muito alto, cerca de 1.000 metros, tamb\u00e9m n\u00e3o precisa de grande log\u00edstica pra chegar por l\u00e1, fica bem na beira da estrada, mas passei um dia mais que divertido por l\u00e1, os amigos que serviam de guias abusaram da sorte, mas isso tornou o passeio mais interessante.<\/h5><h5>O Cambirela tem uma trilha oficial, que n\u00e3o conheci, mas a op\u00e7\u00e3o dos meus amigos foi subir por uma cachoeira seca, que \u00e9 quase uma escalaminhada \ud83d\ude03 com algumas pedras n\u00e3o muito est\u00e1veis, mas \u00e9 uma subida muito r\u00e1pida, em menos de quarenta minutos est\u00e1vamos no topo, e como brinde, durante todo o trajeto a vista do sul da Ilha e das praias de Palho\u00e7a motivava subir cada vez mais.<\/h5><h5>O abuso da sorte come\u00e7ou logo na estrada, chegar a cachoeira envolvia passar por terrenos particulares, que felizmente s\u00f3 tinham as placas de \u201cCuidado \u2013 C\u00e3o bravo\u201d, o cachorro mesmo, n\u00e3o vimos.<\/h5><h5>No alto, a vista \u00e9 realmente bela, vale mais que o esfor\u00e7o, tamb\u00e9m brincamos com pequenos espelhinhos, na orla sempre algu\u00e9m respondia ao reflexo deles com outros reflexos, quase que se pode imaginar como se comunicavam em outros tempos.<\/h5><h5>Quando j\u00e1 est\u00e1vamos h\u00e1 mais de hora no topo outros caminhantes chegaram por l\u00e1, muito mais precavidos que n\u00f3s, haviam feito a trilha oficial, carregavam muitas m\u00e1quinas fotogr\u00e1ficas e trip\u00e9s, sa\u00edram muito cedo e levaram quase duas horas pra chegar l\u00e1, de certa forma acho que nossa escolha foi mais divertida.<\/h5><h5>Por fim decidimos descer, a cachoeira era uma op\u00e7\u00e3o ruim devido as pedras soltas, seria dif\u00edcil, meu amigo sugeriu uma alternativa que ele considerava mais r\u00e1pida, mas n\u00e3o quis entrar em detalhes, apenas repetia, me segue! Me segue! (talvez ele desconfiasse que se entrasse em detalhes, eu n\u00e3o o seguiria, e estava certo)<\/h5><h5>Assim, andamos alguns minutos pela trilha e ele ent\u00e3o apontou pro mato alto na lateral direita e disse, \u00e9 por aqui, entrou no mato que praticamente nos cobria e desapareceu, eu ouvia cada vez mais longe a frase, vem, me segue!<\/h5><h5>Bem, eu fui! Logo que entrei no mato cai de bunda e n\u00e3o conseguia mais me levantar, a terra seca e o \u00e2ngulo do morro me faziam escorregar demais e por quase 5 minutos foi assim, at\u00e9 que a frase do guia mudou, PARA! PARA! Agarre os matos&#8230;. e obedeci, claro!<\/h5><h5>Mas a surpresa mesmo foi ao conseguir levantar, n\u00e3o restavam nem 20 metros de \u201cescorregador\u201d, est\u00e1vamos no topo de uma enorme pedreira desativada, com uns bons 100 metros de queda, eu passei v\u00e1rios minutos seguintes xingando meu amigo, por mais que tenha gostado do escorregador.<\/h5><h5>Do alto dessa pedreira at\u00e9 a orla a caminhada n\u00e3o levou 10 minutos, e sem considerar a doideira de subir e descer sem qualquer considera\u00e7\u00e3o pelos riscos, foi muito divertido&#8230;<\/h5>\t\t\t\t\t\t\t\t<\/div>\n\t\t\t\t<\/div>\n\t\t\t\t\t<\/div>\n\t\t<\/div>\n\t\t\t\t\t<\/div>\n\t\t<\/section>\n\t\t\t\t<section class=\"elementor-section elementor-top-section elementor-element elementor-element-7373a579 elementor-section-boxed elementor-section-height-default elementor-section-height-default\" data-id=\"7373a579\" data-element_type=\"section\" data-e-type=\"section\">\n\t\t\t\t\t\t<div class=\"elementor-container elementor-column-gap-default\">\n\t\t\t\t\t<div class=\"elementor-column elementor-col-100 elementor-top-column elementor-element elementor-element-70e0fb2f\" data-id=\"70e0fb2f\" data-element_type=\"column\" data-e-type=\"column\">\n\t\t\t<div class=\"elementor-widget-wrap elementor-element-populated\">\n\t\t\t\t\t\t<div class=\"elementor-element elementor-element-4880adaf elementor-widget elementor-widget-text-editor\" data-id=\"4880adaf\" data-element_type=\"widget\" data-e-type=\"widget\" data-widget_type=\"text-editor.default\">\n\t\t\t\t<div class=\"elementor-widget-container\">\n\t\t\t\t\t\t\t\t\t<p><!-- default-view.php -->\n<div\n\tclass=\"ngg-galleryoverview default-view\n\t\t\"\n\tid=\"ngg-gallery-1b94842ee81bf6432ec5a6185dd6293d-1\">\n\n\t\t<!-- Thumbnails -->\n\t\t\t\t<div id=\"ngg-image-0\" class=\"ngg-gallery-thumbnail-box\n\t\t\t\t\t\t\t\t\t\t\t\"\n\t\t\t>\n\t\t\t\t\t\t<div class=\"ngg-gallery-thumbnail\">\n\t\t\t<a href=\"https:\/\/poucabagagem.com.br\/wp-content\/gallery\/cambirela\/00-Vista-Ilha.jpeg\"\n\t\t\t\ttitle=\"\"\n\t\t\t\tdata-src=\"https:\/\/poucabagagem.com.br\/wp-content\/gallery\/cambirela\/00-Vista-Ilha.jpeg\"\n\t\t\t\tdata-thumbnail=\"https:\/\/poucabagagem.com.br\/wp-content\/gallery\/cambirela\/thumbs\/thumbs_00-Vista-Ilha.jpeg\"\n\t\t\t\tdata-image-id=\"3148\"\n\t\t\t\tdata-title=\"00-Vista-Ilha\"\n\t\t\t\tdata-description=\"\"\n\t\t\t\tdata-image-slug=\"00-vista-ilha\"\n\t\t\t\tclass=\"shutterset_1b94842ee81bf6432ec5a6185dd6293d\">\n\t\t\t\t<img\n\t\t\t\t\ttitle=\"00-Vista-Ilha\"\n\t\t\t\t\talt=\"00-Vista-Ilha\"\n\t\t\t\t\tsrc=\"https:\/\/poucabagagem.com.br\/wp-content\/gallery\/cambirela\/thumbs\/thumbs_00-Vista-Ilha.jpeg\"\n\t\t\t\t\twidth=\"240\"\n\t\t\t\t\theight=\"160\"\n\t\t\t\t\tstyle=\"max-width:100%;\"\n\t\t\t\t\/>\n\t\t\t<\/a>\n\t\t<\/div>\n\t\t\t\t\t\t\t<\/div>\n\t\t\t\n\t\t\t\t<div id=\"ngg-image-1\" class=\"ngg-gallery-thumbnail-box\n\t\t\t\t\t\t\t\t\t\t\t\"\n\t\t\t>\n\t\t\t\t\t\t<div class=\"ngg-gallery-thumbnail\">\n\t\t\t<a href=\"https:\/\/poucabagagem.com.br\/wp-content\/gallery\/cambirela\/02-Vista-Ilha.jpeg\"\n\t\t\t\ttitle=\"\"\n\t\t\t\tdata-src=\"https:\/\/poucabagagem.com.br\/wp-content\/gallery\/cambirela\/02-Vista-Ilha.jpeg\"\n\t\t\t\tdata-thumbnail=\"https:\/\/poucabagagem.com.br\/wp-content\/gallery\/cambirela\/thumbs\/thumbs_02-Vista-Ilha.jpeg\"\n\t\t\t\tdata-image-id=\"3149\"\n\t\t\t\tdata-title=\"02-Vista-Ilha\"\n\t\t\t\tdata-description=\"\"\n\t\t\t\tdata-image-slug=\"02-vista-ilha\"\n\t\t\t\tclass=\"shutterset_1b94842ee81bf6432ec5a6185dd6293d\">\n\t\t\t\t<img\n\t\t\t\t\ttitle=\"02-Vista-Ilha\"\n\t\t\t\t\talt=\"02-Vista-Ilha\"\n\t\t\t\t\tsrc=\"https:\/\/poucabagagem.com.br\/wp-content\/gallery\/cambirela\/thumbs\/thumbs_02-Vista-Ilha.jpeg\"\n\t\t\t\t\twidth=\"240\"\n\t\t\t\t\theight=\"160\"\n\t\t\t\t\tstyle=\"max-width:100%;\"\n\t\t\t\t\/>\n\t\t\t<\/a>\n\t\t<\/div>\n\t\t\t\t\t\t\t<\/div>\n\t\t\t\n\t\t\t\t<div id=\"ngg-image-2\" class=\"ngg-gallery-thumbnail-box\n\t\t\t\t\t\t\t\t\t\t\t\"\n\t\t\t>\n\t\t\t\t\t\t<div class=\"ngg-gallery-thumbnail\">\n\t\t\t<a href=\"https:\/\/poucabagagem.com.br\/wp-content\/gallery\/cambirela\/03-Vale.jpeg\"\n\t\t\t\ttitle=\"\"\n\t\t\t\tdata-src=\"https:\/\/poucabagagem.com.br\/wp-content\/gallery\/cambirela\/03-Vale.jpeg\"\n\t\t\t\tdata-thumbnail=\"https:\/\/poucabagagem.com.br\/wp-content\/gallery\/cambirela\/thumbs\/thumbs_03-Vale.jpeg\"\n\t\t\t\tdata-image-id=\"3150\"\n\t\t\t\tdata-title=\"03-Vale\"\n\t\t\t\tdata-description=\"\"\n\t\t\t\tdata-image-slug=\"03-vale\"\n\t\t\t\tclass=\"shutterset_1b94842ee81bf6432ec5a6185dd6293d\">\n\t\t\t\t<img\n\t\t\t\t\ttitle=\"03-Vale\"\n\t\t\t\t\talt=\"03-Vale\"\n\t\t\t\t\tsrc=\"https:\/\/poucabagagem.com.br\/wp-content\/gallery\/cambirela\/thumbs\/thumbs_03-Vale.jpeg\"\n\t\t\t\t\twidth=\"240\"\n\t\t\t\t\theight=\"160\"\n\t\t\t\t\tstyle=\"max-width:100%;\"\n\t\t\t\t\/>\n\t\t\t<\/a>\n\t\t<\/div>\n\t\t\t\t\t\t\t<\/div>\n\t\t\t\n\t\t\t\t<div id=\"ngg-image-3\" class=\"ngg-gallery-thumbnail-box\n\t\t\t\t\t\t\t\t\t\t\t\"\n\t\t\t>\n\t\t\t\t\t\t<div class=\"ngg-gallery-thumbnail\">\n\t\t\t<a href=\"https:\/\/poucabagagem.com.br\/wp-content\/gallery\/cambirela\/04-Vista-Ilha.jpeg\"\n\t\t\t\ttitle=\"\"\n\t\t\t\tdata-src=\"https:\/\/poucabagagem.com.br\/wp-content\/gallery\/cambirela\/04-Vista-Ilha.jpeg\"\n\t\t\t\tdata-thumbnail=\"https:\/\/poucabagagem.com.br\/wp-content\/gallery\/cambirela\/thumbs\/thumbs_04-Vista-Ilha.jpeg\"\n\t\t\t\tdata-image-id=\"3151\"\n\t\t\t\tdata-title=\"04-Vista-Ilha\"\n\t\t\t\tdata-description=\"\"\n\t\t\t\tdata-image-slug=\"04-vista-ilha\"\n\t\t\t\tclass=\"shutterset_1b94842ee81bf6432ec5a6185dd6293d\">\n\t\t\t\t<img\n\t\t\t\t\ttitle=\"04-Vista-Ilha\"\n\t\t\t\t\talt=\"04-Vista-Ilha\"\n\t\t\t\t\tsrc=\"https:\/\/poucabagagem.com.br\/wp-content\/gallery\/cambirela\/thumbs\/thumbs_04-Vista-Ilha.jpeg\"\n\t\t\t\t\twidth=\"240\"\n\t\t\t\t\theight=\"160\"\n\t\t\t\t\tstyle=\"max-width:100%;\"\n\t\t\t\t\/>\n\t\t\t<\/a>\n\t\t<\/div>\n\t\t\t\t\t\t\t<\/div>\n\t\t\t\n\t\t\t\t<div id=\"ngg-image-4\" class=\"ngg-gallery-thumbnail-box\n\t\t\t\t\t\t\t\t\t\t\t\"\n\t\t\t>\n\t\t\t\t\t\t<div class=\"ngg-gallery-thumbnail\">\n\t\t\t<a href=\"https:\/\/poucabagagem.com.br\/wp-content\/gallery\/cambirela\/05-Vale.jpeg\"\n\t\t\t\ttitle=\"\"\n\t\t\t\tdata-src=\"https:\/\/poucabagagem.com.br\/wp-content\/gallery\/cambirela\/05-Vale.jpeg\"\n\t\t\t\tdata-thumbnail=\"https:\/\/poucabagagem.com.br\/wp-content\/gallery\/cambirela\/thumbs\/thumbs_05-Vale.jpeg\"\n\t\t\t\tdata-image-id=\"3152\"\n\t\t\t\tdata-title=\"05-Vale\"\n\t\t\t\tdata-description=\"\"\n\t\t\t\tdata-image-slug=\"05-vale\"\n\t\t\t\tclass=\"shutterset_1b94842ee81bf6432ec5a6185dd6293d\">\n\t\t\t\t<img\n\t\t\t\t\ttitle=\"05-Vale\"\n\t\t\t\t\talt=\"05-Vale\"\n\t\t\t\t\tsrc=\"https:\/\/poucabagagem.com.br\/wp-content\/gallery\/cambirela\/thumbs\/thumbs_05-Vale.jpeg\"\n\t\t\t\t\twidth=\"240\"\n\t\t\t\t\theight=\"160\"\n\t\t\t\t\tstyle=\"max-width:100%;\"\n\t\t\t\t\/>\n\t\t\t<\/a>\n\t\t<\/div>\n\t\t\t\t\t\t\t<\/div>\n\t\t\t\n\t\n\t<br style=\"clear: both\" \/>\n\n\t\n\t\t<!-- Pagination -->\n\t\t<div class='ngg-clear'><\/div>\t<\/div>\n<\/p>\t\t\t\t\t\t\t\t<\/div>\n\t\t\t\t<\/div>\n\t\t\t\t\t<\/div>\n\t\t<\/div>\n\t\t\t\t\t<\/div>\n\t\t<\/section>\n\t\t\t\t<\/div>\n\t\t","protected":false},"excerpt":{"rendered":"<p>Morro do Cambirela em Santa Catarina Trilhas O Cambirela n\u00e3o \u00e9 muito alto, cerca de 1.000 metros, tamb\u00e9m n\u00e3o precisa de grande log\u00edstica pra chegar por l\u00e1, fica bem na beira da estrada, mas passei um dia mais que divertido por l\u00e1, os amigos que serviam de guias abusaram da sorte, mas isso tornou o [&hellip;]<\/p>\n","protected":false},"author":1,"featured_media":5532,"parent":1750,"menu_order":0,"comment_status":"closed","ping_status":"closed","template":"elementor_header_footer","meta":{"ngg_post_thumbnail":0,"footnotes":""},"categories":[38],"tags":[],"class_list":["post-5577","page","type-page","status-publish","has-post-thumbnail","hentry","category-trilhas"],"yoast_head":"<!-- This site is optimized with the Yoast SEO plugin v27.1.1 - https:\/\/yoast.com\/product\/yoast-seo-wordpress\/ -->\n<title>Cambirela - Poucabagagem<\/title>\n<meta name=\"robots\" content=\"index, follow, max-snippet:-1, max-image-preview:large, max-video-preview:-1\" \/>\n<link rel=\"canonical\" href=\"https:\/\/poucabagagem.com.br\/index.php\/home\/bagagens\/montanhas-2\/cambirela\/\" \/>\n<meta property=\"og:locale\" content=\"pt_BR\" \/>\n<meta property=\"og:type\" content=\"article\" \/>\n<meta property=\"og:title\" content=\"Cambirela - Poucabagagem\" \/>\n<meta property=\"og:description\" content=\"Morro do Cambirela em Santa Catarina Trilhas O Cambirela n\u00e3o \u00e9 muito alto, cerca de 1.000 metros, tamb\u00e9m n\u00e3o precisa de grande log\u00edstica pra chegar por l\u00e1, fica bem na beira da estrada, mas passei um dia mais que divertido por l\u00e1, os amigos que serviam de guias abusaram da sorte, mas isso tornou o [&hellip;]\" \/>\n<meta property=\"og:url\" content=\"https:\/\/poucabagagem.com.br\/index.php\/home\/bagagens\/montanhas-2\/cambirela\/\" \/>\n<meta property=\"og:site_name\" content=\"Poucabagagem\" \/>\n<meta property=\"article:modified_time\" content=\"2020-04-20T15:22:21+00:00\" \/>\n<meta property=\"og:image\" content=\"https:\/\/poucabagagem.com.br\/wp-content\/uploads\/2020\/04\/Thumb_Cambirela.jpg\" \/>\n\t<meta property=\"og:image:width\" content=\"720\" \/>\n\t<meta property=\"og:image:height\" content=\"720\" \/>\n\t<meta property=\"og:image:type\" content=\"image\/jpeg\" \/>\n<meta name=\"twitter:card\" content=\"summary_large_image\" \/>\n<meta name=\"twitter:label1\" content=\"Est. tempo de leitura\" \/>\n\t<meta name=\"twitter:data1\" content=\"3 minutos\" \/>\n<script type=\"application\/ld+json\" class=\"yoast-schema-graph\">{\"@context\":\"https:\/\/schema.org\",\"@graph\":[{\"@type\":\"WebPage\",\"@id\":\"https:\/\/poucabagagem.com.br\/index.php\/home\/bagagens\/montanhas-2\/cambirela\/\",\"url\":\"https:\/\/poucabagagem.com.br\/index.php\/home\/bagagens\/montanhas-2\/cambirela\/\",\"name\":\"Cambirela - Poucabagagem\",\"isPartOf\":{\"@id\":\"https:\/\/poucabagagem.com.br\/#website\"},\"primaryImageOfPage\":{\"@id\":\"https:\/\/poucabagagem.com.br\/index.php\/home\/bagagens\/montanhas-2\/cambirela\/#primaryimage\"},\"image\":{\"@id\":\"https:\/\/poucabagagem.com.br\/index.php\/home\/bagagens\/montanhas-2\/cambirela\/#primaryimage\"},\"thumbnailUrl\":\"https:\/\/poucabagagem.com.br\/wp-content\/uploads\/2020\/04\/Thumb_Cambirela.jpg\",\"datePublished\":\"2020-04-20T15:19:23+00:00\",\"dateModified\":\"2020-04-20T15:22:21+00:00\",\"breadcrumb\":{\"@id\":\"https:\/\/poucabagagem.com.br\/index.php\/home\/bagagens\/montanhas-2\/cambirela\/#breadcrumb\"},\"inLanguage\":\"pt-BR\",\"potentialAction\":[{\"@type\":\"ReadAction\",\"target\":[\"https:\/\/poucabagagem.com.br\/index.php\/home\/bagagens\/montanhas-2\/cambirela\/\"]}]},{\"@type\":\"ImageObject\",\"inLanguage\":\"pt-BR\",\"@id\":\"https:\/\/poucabagagem.com.br\/index.php\/home\/bagagens\/montanhas-2\/cambirela\/#primaryimage\",\"url\":\"https:\/\/poucabagagem.com.br\/wp-content\/uploads\/2020\/04\/Thumb_Cambirela.jpg\",\"contentUrl\":\"https:\/\/poucabagagem.com.br\/wp-content\/uploads\/2020\/04\/Thumb_Cambirela.jpg\",\"width\":720,\"height\":720},{\"@type\":\"BreadcrumbList\",\"@id\":\"https:\/\/poucabagagem.com.br\/index.php\/home\/bagagens\/montanhas-2\/cambirela\/#breadcrumb\",\"itemListElement\":[{\"@type\":\"ListItem\",\"position\":1,\"name\":\"In\u00edcio\",\"item\":\"https:\/\/poucabagagem.com.br\/\"},{\"@type\":\"ListItem\",\"position\":2,\"name\":\"Home\",\"item\":\"https:\/\/poucabagagem.com.br\/\"},{\"@type\":\"ListItem\",\"position\":3,\"name\":\"Bagagens\",\"item\":\"https:\/\/poucabagagem.com.br\/index.php\/home\/bagagens\/\"},{\"@type\":\"ListItem\",\"position\":4,\"name\":\"Montanhas\",\"item\":\"https:\/\/poucabagagem.com.br\/index.php\/home\/bagagens\/montanhas-2\/\"},{\"@type\":\"ListItem\",\"position\":5,\"name\":\"Cambirela\"}]},{\"@type\":\"WebSite\",\"@id\":\"https:\/\/poucabagagem.com.br\/#website\",\"url\":\"https:\/\/poucabagagem.com.br\/\",\"name\":\"Poucabagagem\",\"description\":\"Fotos, videos, reflex\u00f5es e hist\u00f3rias de um andarilho. Sou Omar Cassado, viajo desde os 13 anos e comecei a fotografar realmente por volta dos 18 anos. Hoje compartilhar as fotos e contar minhas hist\u00f3rias se tornou algo muito prazeiroso, esse site fiz pra todos, sejam bem vindos.\",\"publisher\":{\"@id\":\"https:\/\/poucabagagem.com.br\/#\/schema\/person\/6ae6c570312b7f5dadab231c4f5417e3\"},\"potentialAction\":[{\"@type\":\"SearchAction\",\"target\":{\"@type\":\"EntryPoint\",\"urlTemplate\":\"https:\/\/poucabagagem.com.br\/?s={search_term_string}\"},\"query-input\":{\"@type\":\"PropertyValueSpecification\",\"valueRequired\":true,\"valueName\":\"search_term_string\"}}],\"inLanguage\":\"pt-BR\"},{\"@type\":[\"Person\",\"Organization\"],\"@id\":\"https:\/\/poucabagagem.com.br\/#\/schema\/person\/6ae6c570312b7f5dadab231c4f5417e3\",\"name\":\"Omar Cassado\",\"image\":{\"@type\":\"ImageObject\",\"inLanguage\":\"pt-BR\",\"@id\":\"https:\/\/poucabagagem.com.br\/#\/schema\/person\/image\/\",\"url\":\"https:\/\/poucabagagem.com.br\/wp-content\/uploads\/2023\/05\/FAVICON.jpg\",\"contentUrl\":\"https:\/\/poucabagagem.com.br\/wp-content\/uploads\/2023\/05\/FAVICON.jpg\",\"width\":729,\"height\":729,\"caption\":\"Omar Cassado\"},\"logo\":{\"@id\":\"https:\/\/poucabagagem.com.br\/#\/schema\/person\/image\/\"},\"sameAs\":[\"http:\/\/www.poucabagagem.com.br\",\"https:\/\/www.instagram.com\/omar.cassado\/\",\"https:\/\/www.linkedin.com\/in\/omarcassado\/\"]}]}<\/script>\n<!-- \/ Yoast SEO plugin. -->","yoast_head_json":{"title":"Cambirela - Poucabagagem","robots":{"index":"index","follow":"follow","max-snippet":"max-snippet:-1","max-image-preview":"max-image-preview:large","max-video-preview":"max-video-preview:-1"},"canonical":"https:\/\/poucabagagem.com.br\/index.php\/home\/bagagens\/montanhas-2\/cambirela\/","og_locale":"pt_BR","og_type":"article","og_title":"Cambirela - Poucabagagem","og_description":"Morro do Cambirela em Santa Catarina Trilhas O Cambirela n\u00e3o \u00e9 muito alto, cerca de 1.000 metros, tamb\u00e9m n\u00e3o precisa de grande log\u00edstica pra chegar por l\u00e1, fica bem na beira da estrada, mas passei um dia mais que divertido por l\u00e1, os amigos que serviam de guias abusaram da sorte, mas isso tornou o [&hellip;]","og_url":"https:\/\/poucabagagem.com.br\/index.php\/home\/bagagens\/montanhas-2\/cambirela\/","og_site_name":"Poucabagagem","article_modified_time":"2020-04-20T15:22:21+00:00","og_image":[{"width":720,"height":720,"url":"https:\/\/poucabagagem.com.br\/wp-content\/uploads\/2020\/04\/Thumb_Cambirela.jpg","type":"image\/jpeg"}],"twitter_card":"summary_large_image","twitter_misc":{"Est. tempo de leitura":"3 minutos"},"schema":{"@context":"https:\/\/schema.org","@graph":[{"@type":"WebPage","@id":"https:\/\/poucabagagem.com.br\/index.php\/home\/bagagens\/montanhas-2\/cambirela\/","url":"https:\/\/poucabagagem.com.br\/index.php\/home\/bagagens\/montanhas-2\/cambirela\/","name":"Cambirela - Poucabagagem","isPartOf":{"@id":"https:\/\/poucabagagem.com.br\/#website"},"primaryImageOfPage":{"@id":"https:\/\/poucabagagem.com.br\/index.php\/home\/bagagens\/montanhas-2\/cambirela\/#primaryimage"},"image":{"@id":"https:\/\/poucabagagem.com.br\/index.php\/home\/bagagens\/montanhas-2\/cambirela\/#primaryimage"},"thumbnailUrl":"https:\/\/poucabagagem.com.br\/wp-content\/uploads\/2020\/04\/Thumb_Cambirela.jpg","datePublished":"2020-04-20T15:19:23+00:00","dateModified":"2020-04-20T15:22:21+00:00","breadcrumb":{"@id":"https:\/\/poucabagagem.com.br\/index.php\/home\/bagagens\/montanhas-2\/cambirela\/#breadcrumb"},"inLanguage":"pt-BR","potentialAction":[{"@type":"ReadAction","target":["https:\/\/poucabagagem.com.br\/index.php\/home\/bagagens\/montanhas-2\/cambirela\/"]}]},{"@type":"ImageObject","inLanguage":"pt-BR","@id":"https:\/\/poucabagagem.com.br\/index.php\/home\/bagagens\/montanhas-2\/cambirela\/#primaryimage","url":"https:\/\/poucabagagem.com.br\/wp-content\/uploads\/2020\/04\/Thumb_Cambirela.jpg","contentUrl":"https:\/\/poucabagagem.com.br\/wp-content\/uploads\/2020\/04\/Thumb_Cambirela.jpg","width":720,"height":720},{"@type":"BreadcrumbList","@id":"https:\/\/poucabagagem.com.br\/index.php\/home\/bagagens\/montanhas-2\/cambirela\/#breadcrumb","itemListElement":[{"@type":"ListItem","position":1,"name":"In\u00edcio","item":"https:\/\/poucabagagem.com.br\/"},{"@type":"ListItem","position":2,"name":"Home","item":"https:\/\/poucabagagem.com.br\/"},{"@type":"ListItem","position":3,"name":"Bagagens","item":"https:\/\/poucabagagem.com.br\/index.php\/home\/bagagens\/"},{"@type":"ListItem","position":4,"name":"Montanhas","item":"https:\/\/poucabagagem.com.br\/index.php\/home\/bagagens\/montanhas-2\/"},{"@type":"ListItem","position":5,"name":"Cambirela"}]},{"@type":"WebSite","@id":"https:\/\/poucabagagem.com.br\/#website","url":"https:\/\/poucabagagem.com.br\/","name":"Poucabagagem","description":"Fotos, videos, reflex\u00f5es e hist\u00f3rias de um andarilho. Sou Omar Cassado, viajo desde os 13 anos e comecei a fotografar realmente por volta dos 18 anos. Hoje compartilhar as fotos e contar minhas hist\u00f3rias se tornou algo muito prazeiroso, esse site fiz pra todos, sejam bem vindos.","publisher":{"@id":"https:\/\/poucabagagem.com.br\/#\/schema\/person\/6ae6c570312b7f5dadab231c4f5417e3"},"potentialAction":[{"@type":"SearchAction","target":{"@type":"EntryPoint","urlTemplate":"https:\/\/poucabagagem.com.br\/?s={search_term_string}"},"query-input":{"@type":"PropertyValueSpecification","valueRequired":true,"valueName":"search_term_string"}}],"inLanguage":"pt-BR"},{"@type":["Person","Organization"],"@id":"https:\/\/poucabagagem.com.br\/#\/schema\/person\/6ae6c570312b7f5dadab231c4f5417e3","name":"Omar Cassado","image":{"@type":"ImageObject","inLanguage":"pt-BR","@id":"https:\/\/poucabagagem.com.br\/#\/schema\/person\/image\/","url":"https:\/\/poucabagagem.com.br\/wp-content\/uploads\/2023\/05\/FAVICON.jpg","contentUrl":"https:\/\/poucabagagem.com.br\/wp-content\/uploads\/2023\/05\/FAVICON.jpg","width":729,"height":729,"caption":"Omar Cassado"},"logo":{"@id":"https:\/\/poucabagagem.com.br\/#\/schema\/person\/image\/"},"sameAs":["http:\/\/www.poucabagagem.com.br","https:\/\/www.instagram.com\/omar.cassado\/","https:\/\/www.linkedin.com\/in\/omarcassado\/"]}]}},"_links":{"self":[{"href":"https:\/\/poucabagagem.com.br\/index.php\/wp-json\/wp\/v2\/pages\/5577","targetHints":{"allow":["GET"]}}],"collection":[{"href":"https:\/\/poucabagagem.com.br\/index.php\/wp-json\/wp\/v2\/pages"}],"about":[{"href":"https:\/\/poucabagagem.com.br\/index.php\/wp-json\/wp\/v2\/types\/page"}],"author":[{"embeddable":true,"href":"https:\/\/poucabagagem.com.br\/index.php\/wp-json\/wp\/v2\/users\/1"}],"replies":[{"embeddable":true,"href":"https:\/\/poucabagagem.com.br\/index.php\/wp-json\/wp\/v2\/comments?post=5577"}],"version-history":[{"count":2,"href":"https:\/\/poucabagagem.com.br\/index.php\/wp-json\/wp\/v2\/pages\/5577\/revisions"}],"predecessor-version":[{"id":5579,"href":"https:\/\/poucabagagem.com.br\/index.php\/wp-json\/wp\/v2\/pages\/5577\/revisions\/5579"}],"up":[{"embeddable":true,"href":"https:\/\/poucabagagem.com.br\/index.php\/wp-json\/wp\/v2\/pages\/1750"}],"wp:featuredmedia":[{"embeddable":true,"href":"https:\/\/poucabagagem.com.br\/index.php\/wp-json\/wp\/v2\/media\/5532"}],"wp:attachment":[{"href":"https:\/\/poucabagagem.com.br\/index.php\/wp-json\/wp\/v2\/media?parent=5577"}],"wp:term":[{"taxonomy":"category","embeddable":true,"href":"https:\/\/poucabagagem.com.br\/index.php\/wp-json\/wp\/v2\/categories?post=5577"},{"taxonomy":"post_tag","embeddable":true,"href":"https:\/\/poucabagagem.com.br\/index.php\/wp-json\/wp\/v2\/tags?post=5577"}],"curies":[{"name":"wp","href":"https:\/\/api.w.org\/{rel}","templated":true}]}}